{"id":151,"date":"2023-09-18T09:34:00","date_gmt":"2023-09-18T07:34:00","guid":{"rendered":"http:\/\/hessensteiger-muehle.de\/?page_id=151"},"modified":"2026-03-14T14:35:46","modified_gmt":"2026-03-14T13:35:46","slug":"muehlenfest-2024","status":"publish","type":"page","link":"http:\/\/hessensteiger-muehle.de\/?page_id=151","title":{"rendered":"M\u00fchlenfest Pfingsten 2026"},"content":{"rendered":"\n<p>Anl\u00e4sslich des Deutschen M\u00fchletages \u00f6ffnen wir an Pfingsten 2026 endlich wieder die T\u00fcren unserer &#8222;Molino-Loco&#8220; in Kettenheim<\/p>\n\n\n\n<p>wir freuen uns \u00fcber zahlreiche Wanderer, Radfahrer, Motorradfahrer und alle die an diesem Tag bei uns eine Rast einlegen wollen.<\/p>\n\n\n\n<p>F\u00fcr das leibliche Wohl ist gesorgt.<\/p>\n\n\n\n<p>Mehr Infos dazu gibt es demn\u00e4chst hier.<\/p>\n\n\n\n<p>herzlichst Doro, Joey, Simon, Lizzy und Maya<\/p>\n\n\n\n<figure class=\"wp-block-image size-large\"><img loading=\"lazy\" decoding=\"async\" width=\"724\" height=\"1024\" src=\"http:\/\/hessensteiger-muehle.de\/wp-content\/uploads\/2026\/03\/Muehlentag-724x1024.png\" alt=\"\" class=\"wp-image-299\" srcset=\"http:\/\/hessensteiger-muehle.de\/wp-content\/uploads\/2026\/03\/Muehlentag-724x1024.png 724w, http:\/\/hessensteiger-muehle.de\/wp-content\/uploads\/2026\/03\/Muehlentag-212x300.png 212w, http:\/\/hessensteiger-muehle.de\/wp-content\/uploads\/2026\/03\/Muehlentag-768x1086.png 768w, http:\/\/hessensteiger-muehle.de\/wp-content\/uploads\/2026\/03\/Muehlentag-1086x1536.png 1086w, http:\/\/hessensteiger-muehle.de\/wp-content\/uploads\/2026\/03\/Muehlentag.png 1414w\" sizes=\"(max-width: 724px) 100vw, 724px\" \/><\/figure>\n\n\n\n<p><\/p>\n\n\n\n<p><\/p>\n\n\n\n<p> <\/p>\n","protected":false},"excerpt":{"rendered":"<p>Anl\u00e4sslich des Deutschen M\u00fchletages \u00f6ffnen wir an Pfingsten 2026 endlich wieder die T\u00fcren unserer &#8222;Molino-Loco&#8220; in Kettenheim wir freuen uns \u00fcber zahlreiche Wanderer, Radfahrer, Motorradfahrer und alle die an diesem Tag bei uns eine Rast einlegen wollen. F\u00fcr das leibliche Wohl ist gesorgt. Mehr Infos dazu gibt es demn\u00e4chst hier. herzlichst Doro, Joey, Simon, Lizzy &hellip; <\/p>\n<p class=\"link-more\"><a href=\"http:\/\/hessensteiger-muehle.de\/?page_id=151\" class=\"more-link\"><span class=\"screen-reader-text\">\u201eM\u00fchlenfest Pfingsten 2026\u201c<\/span> weiterlesen<\/a><\/p>\n","protected":false},"author":1,"featured_media":185,"parent":0,"menu_order":0,"comment_status":"closed","ping_status":"closed","template":"","meta":{"footnotes":""},"_links":{"self":[{"href":"http:\/\/hessensteiger-muehle.de\/index.php?rest_route=\/wp\/v2\/pages\/151"}],"collection":[{"href":"http:\/\/hessensteiger-muehle.de\/index.php?rest_route=\/wp\/v2\/pages"}],"about":[{"href":"http:\/\/hessensteiger-muehle.de\/index.php?rest_route=\/wp\/v2\/types\/page"}],"author":[{"embeddable":true,"href":"http:\/\/hessensteiger-muehle.de\/index.php?rest_route=\/wp\/v2\/users\/1"}],"replies":[{"embeddable":true,"href":"http:\/\/hessensteiger-muehle.de\/index.php?rest_route=%2Fwp%2Fv2%2Fcomments&post=151"}],"version-history":[{"count":8,"href":"http:\/\/hessensteiger-muehle.de\/index.php?rest_route=\/wp\/v2\/pages\/151\/revisions"}],"predecessor-version":[{"id":300,"href":"http:\/\/hessensteiger-muehle.de\/index.php?rest_route=\/wp\/v2\/pages\/151\/revisions\/300"}],"wp:featuredmedia":[{"embeddable":true,"href":"http:\/\/hessensteiger-muehle.de\/index.php?rest_route=\/wp\/v2\/media\/185"}],"wp:attachment":[{"href":"http:\/\/hessensteiger-muehle.de\/index.php?rest_route=%2Fwp%2Fv2%2Fmedia&parent=151"}],"curies":[{"name":"wp","href":"https:\/\/api.w.org\/{rel}","templated":true}]}}

Mühlenfest Pfingsten 2026

<p>Anlässlich des Deutschen Mühletages öffnen wir an Pfingsten 2026 endlich wieder die Türen unserer &#8222;Molino-Loco&#8220; in Kettenheim</p>



<p>wir freuen uns über zahlreiche Wanderer, Radfahrer, Motorradfahrer und alle die an diesem Tag bei uns eine Rast einlegen wollen.</p>



<p>Für das leibliche Wohl ist gesorgt.</p>



<p>Mehr Infos dazu gibt es demnächst hier.</p>



<p>herzlichst Doro, Joey, Simon, Lizzy und Maya</p>



<figure class="wp-block-image size-large"><img loading="lazy" decoding="async" width="724" height="1024" src="http://hessensteiger-muehle.de/wp-content/uploads/2026/03/Muehlentag-724x1024.png" alt="" class="wp-image-299" srcset="http://hessensteiger-muehle.de/wp-content/uploads/2026/03/Muehlentag-724x1024.png 724w, http://hessensteiger-muehle.de/wp-content/uploads/2026/03/Muehlentag-212x300.png 212w, http://hessensteiger-muehle.de/wp-content/uploads/2026/03/Muehlentag-768x1086.png 768w, http://hessensteiger-muehle.de/wp-content/uploads/2026/03/Muehlentag-1086x1536.png 1086w, http://hessensteiger-muehle.de/wp-content/uploads/2026/03/Muehlentag.png 1414w" sizes="(max-width: 724px) 100vw, 724px" /></figure>



<p></p>



<p></p>



<p> </p>

<p>Anlässlich des Deutschen Mühletages öffnen wir an Pfingsten 2026 endlich wieder die Türen unserer &#8222;Molino-Loco&#8220; in Kettenheim wir freuen uns über zahlreiche Wanderer, Radfahrer, Motorradfahrer und alle die an diesem Tag bei uns eine Rast einlegen wollen. Für das leibliche Wohl ist gesorgt. Mehr Infos dazu gibt es demnächst hier. herzlichst Doro, Joey, Simon, Lizzy &hellip; </p>
<p class="link-more"><a href="http://hessensteiger-muehle.de/?page_id=151" class="more-link"><span class="screen-reader-text">„Mühlenfest Pfingsten 2026“</span> weiterlesen</a></p>
